{"id":582,"date":"2021-10-18T10:33:48","date_gmt":"2021-10-18T08:33:48","guid":{"rendered":"http:\/\/creacodelab.fr\/?page_id=582"},"modified":"2023-10-12T08:50:33","modified_gmt":"2023-10-12T06:50:33","slug":"film-danimation","status":"publish","type":"page","link":"https:\/\/creacodelab.fr\/?page_id=582","title":{"rendered":"Film d&rsquo;animation"},"content":{"rendered":"\n<p>Avec un appareil photo, chacun peut s&rsquo;essayer au film d&rsquo;animation. Accessible d\u00e8s 5\/6 ans, c&rsquo;est-\u00e0-dire d\u00e8s la classe de Grande Section, ces films sont une source de cr\u00e9ativit\u00e9.<\/p>\n\n\n\n<p>L&rsquo;une des techniques employ\u00e9es se nomme l&rsquo;animation image par image ou \u00ab\u00a0Stop Motion\u00a0\u00bb pour nos amis anglophones. Il s&rsquo;agit de prendre des photos mouvement par mouvement de chaque d\u00e9placement des objets ou personnages de l&rsquo;histoire racont\u00e9e.<\/p>\n\n\n\n<p>Un logiciel permet de cr\u00e9er et de modifier la vid\u00e9o issue de la s\u00e9quence d&rsquo;images.<\/p>\n\n\n\n<hr class=\"wp-block-separator has-css-opacity\"\/>\n\n\n\n<p>Exemple 1 : Dessin et illusion<\/p>\n\n\n\n<p>Quelques Lego, une caisse pour maintenir un t\u00e9l\u00e9phone, du petit mat\u00e9riel \u00ab\u00a0scolaire\u00a0\u00bb, une lampe de bureau, une bande sonore spectaculaire&#8230; et un peu de patience et de dext\u00e9rit\u00e9.<\/p>\n\n\n\n<figure class=\"wp-block-video\"><video height=\"540\" style=\"aspect-ratio: 960 \/ 540;\" width=\"960\" controls src=\"https:\/\/creacodelab.fr\/wp-content\/uploads\/2021\/10\/Dessin-illusion.mp4\"><\/video><\/figure>\n\n\n\n<hr class=\"wp-block-separator has-css-opacity\"\/>\n\n\n\n<p>Exemple 2 : Joyeux anniversaire<\/p>\n\n\n\n<p>Des Lego, une nappe blanche, du soleil, une caisse pour maintenir un t\u00e9l\u00e9phone, une douce chanson&#8230; Et toujours autant de patience et de dext\u00e9rit\u00e9.<\/p>\n\n\n\n<figure class=\"wp-block-video\"><video height=\"540\" style=\"aspect-ratio: 960 \/ 540;\" width=\"960\" controls src=\"https:\/\/creacodelab.fr\/wp-content\/uploads\/2021\/10\/Anniversaire.mp4\"><\/video><\/figure>\n","protected":false},"excerpt":{"rendered":"<p>Avec un appareil photo, chacun peut s&rsquo;essayer au film d&rsquo;animation. Accessible d\u00e8s 5\/6 ans, c&rsquo;est-\u00e0-dire d\u00e8s la classe de Grande Section, ces films sont une source de cr\u00e9ativit\u00e9. L&rsquo;une des techniques employ\u00e9es se nomme l&rsquo;animation image par image ou \u00ab\u00a0Stop Motion\u00a0\u00bb pour nos amis anglophones. Il s&rsquo;agit de prendre des photos mouvement par mouvement de chaque d\u00e9placement des objets ou &hellip; <\/p>\n","protected":false},"author":1,"featured_media":0,"parent":0,"menu_order":0,"comment_status":"closed","ping_status":"closed","template":"","meta":{"footnotes":""},"class_list":["post-582","page","type-page","status-publish","hentry"],"_links":{"self":[{"href":"https:\/\/creacodelab.fr\/index.php?rest_route=\/wp\/v2\/pages\/582","targetHints":{"allow":["GET"]}}],"collection":[{"href":"https:\/\/creacodelab.fr\/index.php?rest_route=\/wp\/v2\/pages"}],"about":[{"href":"https:\/\/creacodelab.fr\/index.php?rest_route=\/wp\/v2\/types\/page"}],"author":[{"embeddable":true,"href":"https:\/\/creacodelab.fr\/index.php?rest_route=\/wp\/v2\/users\/1"}],"replies":[{"embeddable":true,"href":"https:\/\/creacodelab.fr\/index.php?rest_route=%2Fwp%2Fv2%2Fcomments&post=582"}],"version-history":[{"count":7,"href":"https:\/\/creacodelab.fr\/index.php?rest_route=\/wp\/v2\/pages\/582\/revisions"}],"predecessor-version":[{"id":970,"href":"https:\/\/creacodelab.fr\/index.php?rest_route=\/wp\/v2\/pages\/582\/revisions\/970"}],"wp:attachment":[{"href":"https:\/\/creacodelab.fr\/index.php?rest_route=%2Fwp%2Fv2%2Fmedia&parent=582"}],"curies":[{"name":"wp","href":"https:\/\/api.w.org\/{rel}","templated":true}]}}